uppose -3*j = -3*k - 29 - 22, 5*j - 73 = k. Let b(g) = -g**2 - 8*g - 4. Calculate the remainder when j is divided by b(-6).
6
Suppose 5*j = -2 + 472. Calculate the remainder when j is divided by 32.
30
Let k(b) = b**3 + 9*b**2 - 24*b - 4. What is the remainder when k(-11) is divided by 10?
8
Let v(d) = d**3 - 8*d**2 + 9*d + 3. Let w(l) = l**2 + l - 5. Let m be w(-4). What is the remainder when 2*(2 - 3 - -26) is divided by v(m)?
16
Let s(n) = -3*n - 6. Let p be s(-9). What is the remainder when 2049/p + (-8)/14 is divided by 20?
17
Suppose -3*r = 5*s - 1 - 3, 4 = 2*s + 2*r. Let k = s + 12. Calculate the remainder when 43 is divided by k.
10
Suppose 0 = 5*k - 4*c - 242, k + c - 61 = 6*c. Let n = k - 30. What is the remainder when n is divided by 9?
7
Suppose -4*b + 84 = -4*v, -2*b - 4*v + 87 = 3*b. Let a = 22 - b. What is the remainder when ((-18)/(-8))/(1/4) is divided by a?
0
Suppose 28*y + 20 = 32*y. What is the remainder when y is divided by 1?
0
Let z(a) be the first derivative of -a**4/4 - 8*a**3/3 - a**2 - 11*a + 5. Let t = 13 - 4. What is the remainder when t is divided by z(-8)?
4
Let q(u) = 8*u**2 - u + 1. Calculate the remainder when 47 is divided by q(1).
7
Suppose -3*d + 121 = 4*c, 0*d - 34 = -c + 3*d. Suppose 4*y + 4*s - 64 = 0, 0*s - s - 64 = -4*y. Calculate the remainder when c is divided by y.
15
Suppose 11 = -5*j - 19. Let t be j*(1 - (-5)/(-3)). Suppose 4*z + 8 = -t*l, -27 = -4*l + 3*z - 7. What is the remainder when 6 is divided by l?
0
Suppose 0 = -5*t - 6 + 81. What is the remainder when 29 is divided by t?
14
Suppose o + 4 = 24. Suppose 2*f - 96 = -5*h, -3*f + 120 = 3*h - 42. What is the remainder when f is divided by o?
18
Let p = -76 + 89. Calculate the remainder when 45 is divided by p.
6
Suppose -5 = 2*i - 53. Suppose -3*b + 5*t = -i, -2*b + b + 5*t + 8 = 0. Calculate the remainder when 30 is divided by b.
6
Calculate the remainder when 25 is divided by 2*14/4 - 2.
0
Let x(z) = -z - 2. What is the remainder when 19 is divided by x(-9)?
5
Let t = 39 + -26. What is the remainder when 3/(-3) + (-152)/(-2*2) is divided by t?
11
Let k = 18 - 21. What is the remainder when 37 is divided by (20/k)/(4/(-6))?
7
Let v(o) be the second derivative of o**3/6 + 23*o**2/2 - 4*o. What is the remainder when v(0) is divided by 13?
10
Suppose -2*w - 5*t + 41 = 0, 29 = w + 2*w + t. What is the remainder when 23 is divided by w?
7
Suppose -u = 3*q - 215 - 52, -3*u = 5*q - 449. What is the remainder when q is divided by 18?
16
Let y(v) = 7*v**3 - 2*v**2 + v. Let f be y(1). Let q = -3 + f. Let d(u) = u + 8. What is the remainder when q is divided by d(-6)?
1
Let q = 19 + -12. Calculate the remainder when 11 is divided by q.
4
Suppose 0 = 2*n - 0*n - 8. Let l(w) = w + 3. Calculate the remainder when l(4) is divided by n.
3
Calculate the remainder when 495/12 - (-1)/(-4) is divided by 22.
19
Suppose -c + 1 = -0, -c = -5*h + 334. Suppose -5*l + 125 = 10. Calculate the remainder when h is divided by l.
21
Suppose -3*c = 2*c + 5*d - 130, 3*c - 3*d = 78. Suppose -2 - 2 = 2*r + 2*h, -r - 2*h - 4 = 0. Let o = r + c. What is the remainder when o is divided by 14?
12
Let g(d) = d**2 - 6*d + 7. Let s = 9 + -5. Calculate the remainder when s is divided by g(5).
0
Calculate the remainder when ((-48)/(-18))/(2/6) is divided by 37/7 - 10/35.
3
Let j be (4 - -82)/(0 + 2). Let f = j - 31. Suppose 3*y = 5*y - f. Calculate the remainder when y is divided by 4.
2
Let p = -2 - -4. Suppose -4*o + 81 = k, -4*o = -o + p*k - 57. What is the remainder when o is divided by 11?
10
Let w = 37 - 22. Calculate the remainder when 28 is divided by w.
13
Let h = 6 + -6. Suppose -2*q - m + 13 = 0, 2*q - 2*m + 0*m - 28 = h. Calculate the remainder when 25 is divided by q.
7
Let z = -227 + 228. Suppose -v = -6 + 4. Calculate the remainder when v is divided by z.
0
Suppose v + 135 + 30 = 4*x, -4*v + 54 = x. Let i = 5 + x. Calculate the remainder when i is divided by 12.
11
Let u be ((-6)/8)/((-2)/(-8)). Let f = 1 - u. Suppose 0 = -f*j + 7 - 3. Calculate the remainder when 1 is divided by j.
0
Let o be (1 + 0)/(2/10). Suppose 3*j - 10*j + 21 = 0. Suppose -o*f = -j*f - 18. Calculate the remainder when f is divided by 4.
1
Let g be 399/35 + (-6)/(-10). Calculate the remainder when 8 is divided by g/2 + (-4 - -3).
3
Let b be 1 - (10 + (0 - -1)). What is the remainder when 23 is divided by 6/9*3 - b?
11
Calculate the remainder when 46 is divided by ((-15)/6)/(-5)*36 - 0.
10
Suppose -2*a - 3 = -15. Let u(b) = b**2 - 2*b - 8. Let w(g) = 6*g**3 - g**2 + g. Calculate the remainder when w(2) is divided by u(a).
14
Let o = 89 - 31. Suppose -14 = -v + 1. Calculate the remainder when o is divided by v.
13
Calculate the remainder when 1134/8 + (-3)/(-12) is divided by 24.
22
Let y(v) = v - 4. Suppose 3*o - 4 = 2. What is the remainder when y(6) is divided by o?
0
Let o(z) = -z**2 + 6*z + 5. Let c(x) = -2*x**2 + 7*x + 4. Let m(f) = -2*c(f) + 3*o(f). Calculate the remainder when m(-6) is divided by 7.
5
What is the remainder when 20/8 - 2/4 is divided by 1?
0
Suppose o = -0*o + 41. Calculate the remainder when o is divided by (-112)/(-5) + 2/(-5).
19
Suppose 0 = -15*l + 11*l + 20. Calculate the remainder when l is divided by 3.
2
Suppose y = j - 23, -52 - 44 = -4*j + 2*y. Suppose -4*t - 9 = -5*t - 5*w, 45 = 5*t + 3*w. What is the remainder when j is divided by t?
7
Let k(p) = 25*p + 6. What is the remainder when k(5) is divided by 19?
17
Let h = -1 + 1. Let s be (5 - h/(-1))*-1. What is the remainder when 16 is divided by s*(36/(-5))/4?
7
Let s be 0 + 255 + (1 - 1). Suppose -s = -4*i - 47. Suppose -3*p + 2 + 52 = 0. What is the remainder when i is divided by p?
16
Let l = 130 - 54. Calculate the remainder when l is divided by 11.
10
What is the remainder when (-2)/7 + 4272/56 is divided by 26?
24
Let r = 78 + -8. Suppose -r = -3*q - 2*q. Suppose -3*t = -145 + 22. Calculate the remainder when t is divided by q.
13
Let c(j) = -j**3 - j**2 - 2*j. Let b be c(-6). Suppose -5*v + 8 + b = 0. What is the remainder when v is divided by 14?
12
Suppose 6*u = -106 + 472. Calculate the remainder when u is divided by 9.
7
Let a(n) = n**2 - 6*n + 4. Suppose -2*d - 3*k = -11, 4*d - 5*k = 10 + 1. What is the remainder when a(7) is divided by d?
3
Let r be 6/3 + (0 - -119). Let m = -78 + r. What is the remainder when m is divided by 15?
13
Let r(q) = -16*q - 4. Let i be r(-7). Let n = 73 - i. Let a = -22 - n. What is the remainder when a is divided by 5?
3
Suppose 4*q + v = 71, 3*q + 4*v = 5*v + 48. Let g(y) = -5*y - 6. Calculate the remainder when q is divided by g(-3).
8
What is the remainder when 25 is divided by (4/3)/(183/(-63) + 3)?
11
Suppose 2*x - 2*t = 20, 8*t = x + 3*t - 22. Let s = -11 + 23. Calculate the remainder when s is divided by x.
5
Suppose -4*b + 5*b = -7. Let f = 4 - b. Calculate the remainder when f is divided by 4.
3
Let y(x) = x**3 - 4*x**2 + 6*x - 6. Let l(n) = -n**2 + 4. Let c be l(0). Calculate the remainder when y(c) is divided by 5.
3
Suppose 0*a - 5*g = 5*a - 25, 2*g = 5*a - 25. Suppose 0 = 2*w - a*w. Let l = 3 - w. What is the remainder when 4 is divided by l?
1
Suppose 2*c - 64 = -6*h + 2*h, 4*c - 58 = -3*h. What is the remainder when 43 + (2 - 4)*1 is divided by h?
13
Suppose -c - 2*t + 6 + 37 = 0, 133 = 3*c + 5*t. What is the remainder when c is divided by 26?
25
Let y = 1 + 9. Let w be y/((12/9)/4). Suppose 4*o = 22 + w. Calculate the remainder when 24 is divided by o.
11
Let q(f) = f**3 + f**2 - 2*f + 2. Let y be q(3). Let r = y - 20. What is the remainder when 35 is divided by r?
11
Let j(o) = -o**3 + 8*o**2 - 7*o + 4. Suppose -6 = -5*q - g, 2*q - 1 = g - 0. Suppose 5 = 2*k + q. Calculate the remainder when j(7) is divided by k.
0
Let q be ((-96)/(-9))/((-4)/30). Let f = 124 + q. What is the remainder when f is divided by 23?
21
Let n be (-1)/3*-3 + 3. Suppose c + n*w + 5 = 0, 5*c + 3*w - 3 = 23. Suppose -c*f = -2*f - 230. What is the remainder when f is divided by 12?
10
What is the remainder when (24 - (-3)/(-1))*1 is divided by 11?
10
What is the remainder when (2/(-2))/((-2)/52) is divided by 5 - ((-6)/4)/((-3)/(-4))?
5
Let v be ((-29)/(-3))/((-2)/6). Let i = v + 53. Suppose -2*o + 5*o = i. Calculate the remainder when 31 is divided by o.
7
Suppose 0 = -10*o - 239 +